8*s - 219*s - 36 = 0. Determine n(s).
47
Let w(d) = 5*d + 2 + d - 6*d + d. What is w(7)?
9
Let a = -168 - -160. Let n(t) = 4*t + 15. Determine n(a).
-17
Let c(l) = -3*l + 2. Suppose 4 = 9*q - 5*q. Let w be (6 - 9)/(0 + q). Give c(w).
11
Let j be 0*(26/52)/(1/(-1)). Let y(d) = 3*d**3 - 8 + 0*d**2 - 2*d**2 - 4*d**3 + 3*d**2. What is y(j)?
-8
Let b(m) = 7*m**2 + 39*m**3 - 40*m**3 - 2*m - 2 - 3. Determine b(6).
19
Let j be ((-16)/5)/((-4)/10). Let q(y) be the second derivative of 1/20*y**5 - 7/12*y**4 - 4*y**2 + 19*y + 0 - 7/6*y**3. What is q(j)?
0
Let z(k) be the first derivative of -2*k**2 + 24*k + 19. Give z(7).
-4
Suppose -12*b = -18*b. Let i(u) = b + 2*u - 9 - u. Give i(0).
-9
Let d(m) be the second derivative of m**6/120 + m**5/60 - m**4/24 + 33*m**2/2 - 23*m. Let u(s) be the first derivative of d(s). Calculate u(-2).
-2
Let t = 808 + -813. Let w(m) = m**2 + 2*m - 20. Give w(t).
-5
Suppose 5*d = 2*k - 1 - 18, 0 = k + 3. Let g(s) = 3*s**2 + 7*s + 6. Determine g(d).
46
Let t(v) = -v**2 - v + 1. Let o be t(-3). Let z(h) be the second derivative of h**3/6 - h**2/2 + 2*h + 7. What is z(o)?
-6
Let q(y) = -2*y - 34. Let f be q(-18). Let d be (1*-3)/((-6)/((-12)/f)). Let v(k) = -3*k + 1. Determine v(d).
10
Suppose -5*u = s - 24, 5*u = 4*s - 1 + 30. Let t(b) = 4*b**2 + 16*b + 5. Let c(j) = -j**2 - 3*j - 1. Let p(a) = 5*c(a) + t(a). Determine p(s).
-2
Let m be -3 - -4 - 36/(-4). Let j(z) = 111 + 7*z**2 - m*z - z**3 + 4*z - 118. What is j(6)?
-7
Let f(i) be the third derivative of -i**6/120 - i**5/10 + 7*i**4/24 + 2*i**3/3 - 7*i**2 + 8*i. Give f(-7).
4
Let x(i) = -6*i - 26. Let f(n) = -n - 3. Let u(c) = 4*f(c) - x(c). Give u(-8).
-2
Let q(r) = -2*r - 1. Let u(d) = d**2 - 2*d - 3. Let w(p) = -2*q(p) - u(p). Determine w(6).
5
Let b(z) = -7*z**2 + 1. Let q be (-6)/(-8) - 3/(-12). Suppose -q + 4 = -4*c + 5*j, -4*c - j + 15 = 0. Suppose -2 = -c*v + 1. Calculate b(v).
-6
Let x be -1*(0 - 118/2). Let f = x + -52. Let m(l) = l**2 - 8*l - 1. Give m(f).
-8
Let v(r) = -4*r + 2 - 2. Suppose -7 = -5*o - 3*l, 3*l - 15 = -18. Give v(o).
-8
Let t(r) = -r**2 - 9*r - 12. Let b be (-1)/(4/(-12)) + 20. Suppose 0*w - w + 3*i - b = 0, 5*w + i + 35 = 0. Determine t(w).
-4
Let i(h) = h**3 + h - 1. Let v = 127 + -118. Let k = 13 - 8. Suppose k*c = -3*s + 15, -4*c + 3 = s - v. Give i(s).
-1
Suppose 0*j = 2*j - 3*o, 0 = -2*j - 4*o + 14. Let v be j + (2 + -1)*0. Suppose 2*k - 1 = v. Let h(w) = 2*w**3 - w**2 + w + 2. Determine h(k).
16
Let y(l) = -l**3 + 9*l**2 + 11*l + 31. Let b(n) = -n**3 + 9*n**2 + 13*n + 30. Let v(z) = -2*b(z) + 3*y(z). Give v(10).
3
Let u(d) = 2*d**3 - 5*d**2 + 3*d - 1. Let x be u(3). Suppose 2*q - q = 4*s + x, 0 = q - 2*s - 9. Let o(h) = -3*h**3 - h + 1. Calculate o(q).
-3
Suppose -15 = -4*r + 5. Let q(b) = -5*b + 3. Let n(p) = 5*p - 3. Let y(g) = -5*n(g) - 4*q(g). Let u(m) = -m + 1. Let k(f) = 6*u(f) - y(f). What is k(r)?
-2
Suppose -5*f - 2*c - 104 = 0, 2 + 105 = -5*f - c. Suppose 2*r - 36 = 12. Let n = r + f. Let m(k) = 2*k - 3. Calculate m(n).
1
Let i(m) = m**2 + 7*m + 6. Let u = 23 - 19. Let l be u/(-10) + 161/(-35). What is i(l)?
-4
Let w(s) = 5*s**2 + 17*s + 6. Let z be w(-3). Let m(i) be the second derivative of z*i**2 + 0 + 1/12*i**4 + i - 1/2*i**3. Give m(3).
0
Suppose 4*z - 1 = 3*r, -6*r = -2*r - z - 3. Let t(w) = 2 - w + 0*w + 9315*w**2 - 1 - 9308*w**2. Calculate t(r).
7
Let k(v) = -6*v - 282 + 135 - 2*v + 146. Calculate k(2).
-17
Let x(k) = 6 + 22*k**3 - 2*k + 0*k - 3 - 2 + 2*k**2. Calculate x(1).
23
Let k be 0 + (-12)/18 + 8/(-6) + -1. Let t(n) = 3*n + n - 3*n. Determine t(k).
-3
Let m(g) = -g + 6. Let p = 8 + -15. What is m(p)?
13
Let b(w) = -w + 10. Let q be b(5). Let v(y) be the third derivative of -y**4/12 + y**3/3 - 64*y**2. Give v(q).
-8
Suppose -3 = 4*h - l + 35, -4*h - 5*l = 26. Let r be 4/6 + 6/h. Let z(u) be the first derivative of -u**3/3 + u**2/2 + 7*u - 7. What is z(r)?
7
Let v(b) = -4*b + 31. Let w(s) = 10*s**2 - 58*s - 4. Let j be w(6). Calculate v(j).
-1
Let b(d) = -d**3 - 15*d**2 - 14*d - 6. Let u be b(-14). Let l(o) = o + 5*o + 31*o**2 - 4 - 30*o**2. What is l(u)?
-4
Let q(j) = -3*j + 7. Let g = 8 + -4. Suppose 0 = -r + 11 + g. Suppose -5*m + 48 = -4*p + r, 7 = m - p. Give q(m).
-8
Let i(u) = u**3 + u**2 - 5*u + 4. Let b be i(-3). Let r(m) = m - 1 - 8 - b. Determine r(7).
-3
Let b(r) be the second derivative of r**5/20 - r**4/3 - r**3/6 - r**2 - r. Suppose -4*c - 3*c - 42 = 0. Let s be c/4 - 55/(-10). Calculate b(s).
-6
Let d(z) = z**2 + 108*z + 802. Let j be d(-8). Let b(r) = r**2 - 1. Let k(v) = -7*v**2 + 5. Let l(m) = -6*b(m) - k(m). What is l(j)?
5
Suppose r = -0*r - 3, r = 2*k - 3. Let x(l) be the second derivative of k - 2/3*l**3 + 0*l**2 - l. Determine x(1).
-4
Let x(k) = 2*k - 10. Let i be x(-5). Let h = -25 - i. Let o(g) = -g**3 - 5*g**2 - g + 3. What is o(h)?
8
Let x(d) = 13 + 11*d + 320*d**2 - 327*d**2 - d**3 - 9. Give x(-8).
-20
Suppose -3*a = -2*g, 2*a - 3 = g - 2. Suppose 7 + 1 = a*p. Let b(r) = 6 - r**2 - 5*r + 2*r + p*r + 4*r. What is b(5)?
6
Let b = 4 + 16. Let t be (-3)/2*b/15. Let n(q) be the first derivative of -q**3/3 - 2*q**2 + q - 1. Determine n(t).
5
Let w(o) = -o**3 - 8*o**2 - 7*o. Let x be (-1)/4 - (-77)/(-28)*-23. Suppose 0 = -64*g + x*g - 7. What is w(g)?
0
Suppose -5*d = -2*d - 12. Let w(t) = -2*t + 2 + t**3 - t + 19637*t**2 - 19640*t**2. Determine w(d).
6
Let q(g) = 2*g**3 + g**2 - g. Let t(r) = 3*r**3 - 6*r**2 + 7*r - 3. Let c(f) = q(f) - t(f). Calculate c(6).
-9
Suppose -3*y = -6 - 3. Let a(r) = 85 - 88 + 6*r - y*r. What is a(2)?
3
Let v(o) = 15 + 0*o + o**2 - 4*o + 2*o - 18. Let t be 0 - (-4 - 1) - -2. Let c be 27/(-9) + t + 1. Calculate v(c).
12
Let y(b) = -2 - 5*b - 3*b + 3*b. Let a be ((-9)/(-12))/(-1 + (-35)/(-56)). Determine y(a).
8
Suppose 0 = 46*f - 50*f - 28. Let d(t) = t**3 + 5*t**2 - 19*t - 16. Determine d(f).
19
Let d(h) = -h**2 - 6*h + 3. Suppose -3*o - 90*v - 33 = -93*v, 21 = -o + 3*v. Determine d(o).
3
Let r(m) = -2*m**2 - 12*m - 15. Let y(w) = 62*w + 302. Let i be y(-5). Calculate r(i).
-47
Let z(g) be the second derivative of g**5/5 - g**4/12 - g**3/3 + g**2 - 157*g. What is z(1)?
3
Suppose -3*t - 5 - 13 = 0. Let z be 106/10 - t/(-10). Let g(w) = z*w - 5*w - 10*w - 6. Give g(-4).
14
Let l be 1 - (-5 - (2 - 6)). Let y be 2 - 1 - (3 - l). Let c(k) = -30*k - 4 + y + 29*k. Give c(-6).
2
Let y = -157 + 152. Let r(g) = g**3 + 6*g**2 + 3*g - 5. Calculate r(y).
5
Let c(u) = -u**3 - 5*u**2 - 3*u + 3. Suppose 4*x + 19 = 3*z, -2*x + 5*x - 5*z = -17. Give c(x).
-1
Let u(n) = -n**2 - 13*n - 1. Let z(q) = q**2 + 18*q + 44. Let c be z(-14). Determine u(c).
11
Let s(c) = c**2 + 2*c - 8. Let g be s(-6). Let z = 4 + g. Let t be z/110 - 53/(-11). Let f(u) = -2*u. Determine f(t).
-10
Let d(w) = w**3 + 7*w**2 - w - 2. Let k(g) = -g**3 - 8*g**2 + 2*g + 2. Let q(x) = -3*d(x) - 2*k(x). Let n = -204 - -200. Give q(n).
-10
Let k(c) = -c**2 + 6*c - 3 - c**2 + c**3 - 5*c. Let d(o) = -o**3 + o**2. Let f(m) = 2*d(m) + k(m). Give f(0).
-3
Suppose 35 = -5*y + 3*m, -6*m = 5*y - m + 35. Suppose v - r = 2, v + 2*r = 10 - 2. Let b(q) = -15*q + 5*q - v + 9*q - 5. What is b(y)?
-2
Let m(a) = -a**3 - 6*a**2 - 2*a - 6. Let q(r) be the second derivative of r**4/6 + r**3/3 - 6*r. Let j be q(3). Suppose 4*z + 0*z = -j. Calculate m(z).
6
Let z(v) = -3*v - 5. Suppose 0 = 5*u - r - 27, 5*r - 17 = -5*u + r. Let w be ((-120)/3)/u + 3. Determine z(w).
10
Let w = -6 + 8. Let d(x) = 1 + 2 + 1 + 3*x**2 - w*x + x**3. Let k(o) = 5*o**2 - 27*o + 6. Let z be k(5). Determine d(z).
-4
Let p(b) = b**2 + 2*b - 12. Let a be p(-5). Let d(r) = -4*r**3 - 1 - r**2 - 4*r**3 - 2*r**a - 16*r + 17*r. Suppose -k = 2 - 3. Give d(k).
-11
Let p(t) = -22*t - 2. Let v(g) = 11*g + 1. Let y(x) = 4*p(x) + 9*v(x). Suppose -5*w + 5*d + 25 = 0, -3*w - 4*d - 2 = -3. Let m = w - 2. Give y(m).
12
Let l(t) = -5*t - 2*t - 2 + 3 + 3*t. Calculate l(-3).
13
Let p = 38 - 24. Let a = p - 9. Let n(b) = -b + 1. What is n(a)?
-4
Let q(n) be the third derivative of n**5/60 + 7*n**4/24 + n**3 - 144*n**2. Determine q(-8).
14
Let v(f) = 29 + f**3 + 32 - 7*f + 35 + 28 - 8*f**2 - 136. What is v(9)?
6
Let p(q) be the second derivative of -q**4/12 - 7*q**3/6 - 3*q**2/2 - 7*q + 1. Let j be (-16)/3 + 4/(-6). Calculate p(j).
3
Let i(v) = -6*v + 1. Let w(z) = 6*z**3 - 4*z**3 + 